Suppose 27841 = -9*f + 7933. Let z = -281 - f. Is z a composite number?
False
Let p(c) = -c**3 + 9*c**2 + 2*c - 18. Let j be p(9). Suppose j = 3*o + 9*o - 29508. Is o a prime number?
True
Is -20 - (18 - 40) - -12585 a prime number?
False
Let h(z) = -2723*z**3 - 2*z**2 + 17*z + 37. Is h(-2) composite?
True
Suppose 7*u = 8*u + 4*m - 676729, -676759 = -u + 2*m. Is u composite?
True
Let m(i) = i**3 + 2*i**2 - 26*i - 11. Let q be m(-6). Is (-44 - -43)*-2221*q prime?
True
Let d(c) = 138*c**2 - 35*c - 386. Is d(-59) prime?
False
Let r = -88 - -95. Suppose 8381 = r*f + 1668. Is f prime?
False
Let g(r) = 3574*r**2 + 37*r - 68. Is g(-7) composite?
False
Suppose 5*o - 748313 = q, -7*o + 5*o - 3*q = -299332. Is o composite?
True
Suppose -2*o = 178*j - 182*j - 12518, 25006 = 4*o - 3*j. Is o a prime number?
True
Suppose -15*s + 21840 = -15662 - 34858. Let j(x) = -x - 5. Let r be j(-7). Suppose -4*w + 5*q + s = -416, 0 = 5*w - r*q - 6567. Is w a composite number?
True
Let n = 50 + -50. Suppose n = -2*d - 2*s, 0*s = -d - 4*s + 9. Is (-1)/(d/(-3678)*(0 - 2)) a prime number?
True
Let s(h) = 7*h + 21. Let t(f) = 8*f + 22. Let l(v) = -6*s(v) + 5*t(v). Let x be l(0). Is (4/x)/((-5)/7940) composite?
False
Let g(h) = 70*h**3 - 22*h**2 + 156*h - 73. Is g(6) composite?
True
Let l be (-180)/30 + 2*4. Suppose -3*p + 27532 = 5*f, 20*p - l*f - 45835 = 15*p. Is p composite?
True
Suppose -2*y = 3*l - 14140, -5*l = -8*y + 9*y - 7070. Let u = y + -3699. Is u composite?
False
Suppose 12*p + 4003 = 36631. Is p a composite number?
False
Let h(l) = 16*l**2 + 117*l + 1. Is h(16) a prime number?
False
Let q be (-2)/(-6) + 14/3. Let u(r) = 320*r - 958. Let m be u(3). Suppose m*z - z = -3*o + 148, z - 138 = -q*o. Is z a prime number?
True
Let b(h) = 212*h**3 - 6*h**2 + 4*h - 9. Is b(4) composite?
True
Let w(b) = -15306*b**3 + 5. Is w(-3) a composite number?
False
Let v(u) = 2*u - 24. Let t be v(6). Is 894/t*(2 + -1 - 47) composite?
True
Let t be -136*(-2 + -1 - -2). Let p = t - -157. Is p prime?
True
Let k(z) = 9568*z**3 + 4*z**2 - 6*z + 13. Is k(2) prime?
True
Let z(g) = 2 + 259*g - 68*g + 35*g - 7. Let w be 17/5 - (-2)/(-5). Is z(w) prime?
True
Let g(i) = 43*i**2 + 77*i - 11. Is g(4) prime?
False
Suppose 20 = 2*x + t - 5*t, 4*x = 5*t + 28. Suppose -x*h - 5949 = 5*k, -3*k - 3*h - 3561 = h. Is 4 - (k + -1 - 54/18) a composite number?
True
Suppose 4*o + 6*o = 3780. Suppose 27*x = 24*x + l + o, 5*l = 5*x - 620. Is x a prime number?
True
Let p(d) = -d**3 + 6*d**2 + 8*d - 8. Let r be p(7). Let f(v) = -1540*v - 5. Is f(r) composite?
True
Suppose -3*r + 9073 = 2*a, -a = -2*r + 6706 - 648. Is r a composite number?
True
Let s be (-1 + (-1056)/(-4))*14. Suppose -2*p = 4*v - 2452, 2*p - 5*v + s = 5*p. Let q = p - 717. Is q a composite number?
True
Let a be (-156)/(-10) - (-8)/(40/(-3)). Suppose -5*r = -f - a, -f + 11 + 6 = 3*r. Suppose -r*p + 12534 + 4238 = 0. Is p composite?
True
Let p be (1992 + -7)*(-4)/10. Let q = p + 1477. Is q a prime number?
True
Let m = -12456 + 27077. Is m prime?
True
Suppose 0*z - 226326 = -z - 3*v, 9*v = 4*z - 905199. Is z composite?
True
Suppose 1682098 = 330930*l - 330908*l. Is l a prime number?
False
Let c = 86237 + -57496. Is c composite?
True
Let w = 3 - -4. Let r = -149 - -154. Suppose 0 = -r*o - 4*y + 6579, -w*y + 5256 = 4*o - 2*y. Is o composite?
False
Let i(l) = -7*l - 83700. Let z(o) = 2*o + 27901. Let x(c) = -6*i(c) - 17*z(c). Is x(0) composite?
False
Let k = 15699 - 8190. Is k a composite number?
True
Is 9 - (3*4/30)/((-199)/386046070) a composite number?
True
Let f = 13392 + 21277. Is f prime?
False
Let y(j) = 1834*j**3 - j**2 + 1. Let z be y(1). Let g(f) = -242*f + 7. Let k be g(3). Let d = z + k. Is d a composite number?
True
Let h(j) = 347*j - 2747. Let b be h(7). Suppose 0 = 2*f + 5*l - 1098, -2*l + l = -5*f + 2799. Let z = f - b. Is z prime?
True
Suppose 22*l - 23*l = 4*i - 3561329, -12 = 4*l. Is i a composite number?
False
Suppose 0 = l, 2*b - 15*l = -14*l + 6. Suppose 4*k - 2512 + 34100 = 4*o, -2*k + 23681 = b*o. Is o prime?
False
Let i(n) be the third derivative of -1081*n**4/24 + n**3 + 13*n**2. Let v be i(7). Let h = v + 13230. Is h composite?
False
Let i(t) = 3*t + 1. Let y be 21/4*8/6. Let j be (-2)/y - (-204)/28. Is i(j) prime?
False
Suppose 0 = 13*s - 9*s + p - 13117, 0 = -5*p - 15. Let h = -1935 + s. Is h a prime number?
False
Let l = -32285 + 54708. Is l prime?
False
Let f = 295683 - 119666. Is f a composite number?
False
Let f be 924/27 + 4/(-18). Suppose 0 = -31*p + f*p - 570. Suppose 0 = -b + 28 + p. Is b composite?
True
Let i be (-7*21/(-49))/1. Is (-7447)/(-33)*i + (-5 - -1) prime?
True
Suppose -l = -25 + 6. Let g(m) = m**3 - 19*m**2 + 16*m - 57. Is g(l) prime?
False
Suppose r + 4 = 4*o, -2*o + 3*o + 101 = -4*r. Let q = -10 - r. Is 3 + 7/(q/580) prime?
True
Let o = -24 - -3. Is (-28)/o + (-7793)/(-3) composite?
True
Let p(l) = 680*l**3 - l**2 - 18*l - 62. Is p(7) prime?
False
Is 68/(-51)*3 - -552515 a prime number?
True
Suppose 6*z - 6899 = -d, 4*z - 11506 + 39102 = 4*d. Is d prime?
True
Suppose -5*c + 315 = 5*x, -7*x = -9*x - 5*c + 126. Let n be 173/(-7) - 4/14. Let z = n + x. Is z prime?
False
Suppose 4*q - 3*q = 3. Suppose -2*j + 5 = -q*h, -h - 2 = -2*j - 3. Is 77 - (-4 - -4)/h a prime number?
False
Suppose 174*w + 174*w - 2518671 = 345*w. Is w prime?
False
Let l(q) = -85*q**3 + q**2 + 4*q - 7. Suppose -5*n + 2*n - 4*g = 25, -4*g - 31 = 5*n. Is l(n) prime?
False
Suppose 0 = 11*a - 9*a - 12. Suppose -3*z = a*z - 45. Is (-758)/z*25/(-10) a prime number?
True
Let z be 3/(-6)*(-2)/(-3)*-3. Is 3 + 1087 - (2 + z) prime?
True
Suppose -53 = -6*q + 19. Suppose 2*h = 4*h + 2*l - q, 3*h - l = 2. Suppose -3*v + 349 = y, 5*v + y + h*y = 587. Is v prime?
False
Let s(d) = 115*d**2 + 7*d + 3. Let m be s(6). Suppose g + 2*a = m + 189, 17546 = 4*g - 2*a. Suppose -l + g = 1445. Is l a composite number?
False
Suppose -3*k = -j + 1105, 6*j + k = 7*j - 1111. Let u = 183 + j. Is u prime?
True
Suppose 0 = -80*y - 2898718 + 32550638. Is y composite?
True
Let h(b) = 9*b - 37 - 7*b + 25. Let d be h(-6). Is ((-6)/(d/20))/(2/446) a composite number?
True
Let h(s) = -4*s + 15. Let p be h(-1). Suppose p*k = 18*k + 337. Is k a prime number?
True
Suppose 4*f - 3*g = -2*g + 28, 12 = 4*f + 3*g. Suppose 4*m = h - 67, h + 251 = f*h + m. Suppose 4983 = -h*c + 54*c. Is c a composite number?
True
Suppose -1637*k - 726777 = -1641*k + j, 5*k = 3*j + 908480. Is k a composite number?
False
Suppose -5*h - 35 = 4*n - 8*n, 10 = 5*n + 5*h. Suppose l + 4417 = n*s, 513 = s + 4*l - 383. Suppose 0 = -3*o + 127 + s. Is o a prime number?
True
Let d = -12 - -11. Let z be (-5)/(-10)*6 + (d - -87). Let l = 156 - z. Is l a prime number?
True
Suppose -z - 13541 - 13759 = 0. Let f = z - -50893. Suppose -f = -5*n + 4*v, -6*v = -2*n - 3*v + 9433. Is n a composite number?
False
Suppose 2*w = -54 + 58. Suppose 4*f = 5*u - w*u + 15, 4*f + 3*u = 33. Is 2445/9 + (-4)/f composite?
False
Suppose 11 + 81 = x. Suppose -x*u + 95*u - 963 = 0. Is u a composite number?
True
Let y(h) be the first derivative of -h**6/120 + 3*h**5/10 - 7*h**4/8 + 19*h**3/6 + 19*h**2/2 + 13. Let g(n) be the second derivative of y(n). Is g(15) prime?
True
Suppose 5*r + 158831 - 2436446 = 0. Is r a prime number?
False
Let i = -100648 + 144741. Is i composite?
True
Let u(v) = -23 - 3*v**2 + 13*v - 3*v - 5 - 33 + 9*v**2. Is u(5) a prime number?
True
Let o be (6/4)/(177/228566). Suppose 5*s - 2*h - 9753 = 0, 6*s - o = 5*s - 3*h. Is s a composite number?
False
Let j(b) = -b**2 - 31*b + 4. Let o be j(-31). Is (o/(-2))/(24/(-24468)) composite?
False
Let m(t) = -189*t + 38*t + 8 - 603*t - 200*t. Let k(z) = 636*z - 5. Let p(q) = 7*k(q) + 5*m(q). Is p(-2) composite?
False
Suppose 4*t + g - 12 = -3*g, -g = -2*t + 9. Suppose -3*z = -z, j - 7 = t*z. Suppose 3*q = 4*v + j*q - 4184, -5*v - q = -5214. Is v composite?
True
Let p(f) = -42*f - 34. Let j(l) = 7 + 10 - 17 - l. Let u(m) = -3*j(m) + p(m). Is u(-15) a composite number?
True
Let i be (-12)/(-30)*10*-1. Let s(x) = -15*x**3 + 3*x**2 + 13*x + 2. Is s(i) a prime number?
False
Suppose q = -35*m + 34*m + 4003, 3*q - 11977 = 5*m. Suppose -4*g = -g - q. Is g prime?
False
Suppose -821 + 5237 = 6*u. Let s = -521 + u. Suppose -3*v + s = 4*w, -4*w + 3*v - 4*v = -213. Is w a composite numbe